 What is the remainder when (x/(-2))/(4/40) is divided by -2 - -3 - 3 - -15?
12
Suppose -1 = -3*o + 3*b - b, -5*o = -5*b + 5. Calculate the remainder when 16 is divided by o.
1
Suppose 5*l = 25 + 5. Let z = 11 - l. What is the remainder when 9 is divided by z?
4
Let b = 60 + -2. Let u(d) = d**2 + 3*d + 2. What is the remainder when b is divided by u(-6)?
18
Suppose -d = 3*d - 184. Let y = -33 + d. Let t(i) = -i**3 + 8*i**2 - i - 4. What is the remainder when t(7) is divided by y?
12
Suppose -2*o + 5*k = -110, 5*k - 3*k = -4. Calculate the remainder when o is divided by 0/2 + (12 - -1).
11
Let r(j) = 2*j**2 - 4*j - 1. Let c be r(3). Suppose -c*x + 44 = -3*x. What is the remainder when x is divided by 6?
4
Suppose 2*d = -3*x + 3*d - 91, 4*x + 108 = -2*d. Let s = 22 - x. Suppose -2*y + k + 35 = 0, 4*y - 20 - s = k. What is the remainder when 53 is divided by y?
17
Suppose 2*n + 26 = 2*s, 8*n - 5*n = -5*s + 89. Let t = 67 + -36. What is the remainder when t is divided by s?
15
Let z(k) = k**3 - 2*k**2 + 2*k + 41. Calculate the remainder when z(0) is divided by 22.
19
Let m(b) = -b**3 + 12*b**2 + 3*b - 19. What is the remainder when m(12) is divided by 10?
7
Suppose -2*t = n - 811, t + 3*t - 3*n - 1617 = 0. Suppose -3*o = 2*o - t. Let q = 48 - 27. Calculate the remainder when o is divided by q.
18
Suppose -2*a - 36 = -2*v - a, a - 44 = -2*v. Suppose -s = -z - 34, 2*z = 4*z - 10. What is the remainder when s is divided by v?
19
Suppose 2 = 4*k - 6. Suppose 2*q = -g + 21, -k*g - 2*g = -3*q + 37. Suppose -f + 5*f = t + 130, f - 22 = -5*t. What is the remainder when f is divided by q?
10
Suppose 31 = 3*x + 226. Let q = -19 - x. Let a(j) = -3*j + 4. What is the remainder when q is divided by a(-4)?
14
Suppose -10*x + 7*x + 105 = 0. What is the remainder when x is divided by 13?
9
Let v = 12 - 2. Calculate the remainder when v is divided by 6.
4
Let v(m) = 4*m - 10. What is the remainder when 52 is divided by v(7)?
16
Suppose q - 5*q = -16, 2*r + 5*q - 120 = 0. Calculate the remainder when r is divided by 14.
8
Let p(t) = t**3 + 9*t**2 + 10*t + 10. Let k be p(-8). What is the remainder when (-261)/k - (-2)/4 is divided by 15?
14
Suppose -375 = -4*g + 5*n, -3*n + 2*n = -2*g + 183. Calculate the remainder when g is divided by 31.
28
Suppose q + 3*q = -l + 7, -5*q = -l + 7. Calculate the remainder when 25 is divided by l.
4
Let g(f) = 9*f + 6. What is the remainder when 63 is divided by g(2)?
15
Suppose -2*w - 3 = 4*o + 3*w, -5*o + 12 = w. Calculate the remainder when 8 is divided by o.
2
Let i be 2/(-9) - (-588)/(-27). Let c be 2*i/4*-1. Calculate the remainder when 24 is divided by (-6)/(-3) + 0 + c.
11
Suppose m + 9 = 2*i - 2*m, 4*i - 3 = 3*m. Let c = i + 8. Let q = 2 + 0. What is the remainder when c is divided by q?
1
Suppose 5*z + 202 = 4*r, 4*z = 5*r + 5*z - 267. What is the remainder when r is divided by 11?
9
Let p be 4/14 + (-99)/(-21). Suppose 0 = -p*k + 3*s + 55, -4*k + 3 = -3*s - 38. What is the remainder when 41 is divided by k?
13
What is the remainder when (-3)/(-2) - (-9)/((-36)/(-190)) is divided by -1 + 2 + 12/1?
10
Let i = 2 + 2. Suppose 2*w = i*w - 58. What is the remainder when w is divided by 10?
9
Let p = -1 - -8. Let m be 5 + 2*(-2)/2. Suppose -m*w + p = -2*w. What is the remainder when 13 is divided by w?
6
Suppose 4*d = 3*b + 22, -d + 5*b + 26 = 3*d. Suppose 3*z + 2*z - 45 = 0. Suppose -2*i - 3*h = -z, -3*h + 1 = -2. What is the remainder when d is divided by i?
1
Let u(v) = v**3 + 19*v**2 - 4*v - 7. What is the remainder when u(-19) is divided by 12?
9
Let m = -21 - -39. Let i = 39 - m. Calculate the remainder when i is divided by 8.
5
Suppose -3*o = -9*y + 4*y - 64, 5*y = -3*o - 76. Suppose 0 = 5*s - 409 + 59. What is the remainder when s is divided by (-166)/(-7) + (-4)/y?
22
Suppose -4*c - 16 = -5*x, 5*x = x + c + 15. Suppose 0 = -3*m + 5*j + 25 - 5, 5*m + x*j = 21. Calculate the remainder when m is divided by 2.
1
Suppose -4*t = p + 2, -3*t - 6 - 3 = -3*p. Calculate the remainder when 17 is divided by (-7)/t + (-6 - -8).
8
Let a(v) = -v**3 + 8*v**2 - 5*v - 5. Calculate the remainder when 125 is divided by a(7).
8
Let s = -14 - -41. Suppose 0*q - 36 = -2*i - 2*q, 5*i - 60 = 5*q. Calculate the remainder when s is divided by i.
12
Let i(o) = -3*o + 6. Let d be i(3). Calculate the remainder when 77 + -3*2/d is divided by 20.
19
Let s be (-45)/(-6)*(-28)/(-3). Calculate the remainder when 2*(s/4 + -3) is divided by 8.
5
Let u be 7 - (-1)/2*0. Suppose -4*t = -u - 33. Let m = 278 + -259. What is the remainder when m is divided by t?
9
Suppose -u - 4*u = -15. Suppose -s + u = -12. What is the remainder when 43 is divided by s?
13
Let x(y) = -4*y**2 - y - 6. Let o(k) = -9*k**2 - 2*k - 13. Let g(n) = -6*o(n) + 13*x(n). Calculate the remainder when 42 is divided by g(3).
12
Suppose -3*u = -0*u + 5*m + 35, 7 = -3*u + 2*m. What is the remainder when 0 - -60 - (-8 - u) is divided by 16?
15
Let u(j) = j**3 + 7*j**2 + 7*j + 8. Let c be u(-6). Let q be 178/(-12) - (-3)/(-18). Let g = c - q. Calculate the remainder when 65 is divided by g.
14
Suppose -3*b = 3 - 6. Suppose 2*i - 48 = -0*i. What is the remainder when i is divided by 15/1 - (1 + b)?
11
Let h = -3 - -14. What is the remainder when 0 - (5 - 4)*-19 is divided by h?
8
Let r = 62 - 23. Let m(d) be the second derivative of d**3 - 2*d**2 - 5*d. What is the remainder when r is divided by m(4)?
19
Let u(f) = -f**2 + 6*f + 1. Let a be u(7). What is the remainder when 4 is divided by ((-10)/(-20))/((-1)/a)?
1
Let l = 58 + -44. What is the remainder when l is divided by 6?
2
Suppose 0 = 5*z - 265 + 20. Calculate the remainder when z is divided by 5 - 4/2 - -22.
24
Suppose 6 = 2*f, -c - 2*c + 2*f = 0. Suppose c*j - j - 112 = -3*h, -5*h + 2*j = -183. What is the remainder when h is divided by 19?
18
Let z = 2 + 7. What is the remainder when z is divided by 3?
0
Let w(s) = -s**3 + 5*s**2 + 3*s - 4. Let b be w(-3). Let z = -37 + b. What is the remainder when 65 is divided by z?
21
Suppose 0 = -5*k + 2*k + 36. Calculate the remainder when 22/8*2*6 is divided by k.
9
Suppose -3*w - w = -68. Let a = 70 - 37. Calculate the remainder when a is divided by w.
16
What is the remainder when 6/(30/(-25))*(1 - 2) is divided by 3?
2
Let g(l) = 3*l**2 + 8*l + 4. What is the remainder when 38 is divided by g(-4)?
18
Let d(n) = -n**3 - 5*n**2 + 7*n + 9. Let s be d(-6). Suppose -i + 2*u + 3*u + 77 = 0, s*u - 117 = -i. Calculate the remainder when i is divided by 26.
24
Suppose 3553*k - 3551*k = 8. Let z be (-8)/6 + (-1)/(-3). Let v(j) = -4*j - 1. Calculate the remainder when k is divided by v(z).
1
Suppose 2*t = 5*t - 42. What is the remainder when t is divided by 5?
4
Let c be 18/((-1)/1) + -2. What is the remainder when 4*-1*185/c is divided by 20?
17
Let g = -13 - -23. Suppose -q = -2 + 1. Let u = 28 + q. What is the remainder when u is divided by g?
9
Let c be (-17 - 2)*2/(-2). Suppose 2*q + 5*f = -3 - 1, -5*q + 2*f + c = 0. Let y(b) = 2*b**2 - 11*b - 23. What is the remainder when y(-2) is divided by q?
1
Suppose -3*h + 13 = -35. Suppose v = -3*v + h. Calculate the remainder when 11 is divided by v.
3
Suppose -17*g + 24 = -44. Suppose 2*x = -x + 9. Calculate the remainder when g is divided by x.
1
Suppose 0 = -4*h + 3*h + 32. Let u(a) = 14*a - 3. Let b be u(2). Suppose 26 = 3*n - b. Calculate the remainder when h is divided by n.
15
Let t(z) = -4*z**2 + z - 1. Let r be t(1). Let i = r - -14. Calculate the remainder when (-1)/(-1 + 56/58) is divided by i.
9
Suppose -3*t + t + 274 = 2*x, x - 4*t = 162. Let o = x - 82. Calculate the remainder when o is divided by 21.
18
Let r = 15 - 13. Let q be (-5)/(-2)*(-12)/(-15). Suppose -3*g + 5 = 5*h - 23, q*h = r*g - 8. Calculate the remainder when 11 is divided by g.
5
Let z(j) = -j**2 + 6*j - 6. Suppose i = -s + 8 - 3, -23 = -4*i - s. Calculate the remainder when i is divided by z(4).
0
Suppose j + 5*d + 4 = 1, 5*j - 2*d = 12. Suppose -z - j*z = -12. What is the remainder when 10 is divided by z?
2
Suppose 8 = 4*p - 68. Calculate the remainder when 75 is divided by p.
18
Let i = 9 - -4. Calculate the remainder when 24 is divided by i.
11
Let l(t) = t - 6. Let f be l(5). Let p be -1 - -2 - 1/f. Suppose -4*s = 3*a - 215, 3*a + p = 17. What is the remainder when s